{"id":1271,"date":"2023-05-08T13:02:53","date_gmt":"2023-05-08T13:02:53","guid":{"rendered":"https:\/\/pemebla.com\/?page_id=1271"},"modified":"2023-06-21T09:05:04","modified_gmt":"2023-06-21T09:05:04","slug":"recambios-vehiculos-asiaticos-madrid","status":"publish","type":"page","link":"https:\/\/pemebla.com\/?page_id=1271","title":{"rendered":"Recambios veh\u00edculos asi\u00e1ticos en Madrid"},"content":{"rendered":"","protected":false},"excerpt":{"rendered":"","protected":false},"author":1,"featured_media":1470,"parent":0,"menu_order":0,"comment_status":"closed","ping_status":"closed","template":"page-nosotros.php","meta":{"_acf_changed":false,"inline_featured_image":false,"footnotes":""},"class_list":["post-1271","page","type-page","status-publish","has-post-thumbnail","hentry"],"acf":[],"yoast_head":"<!-- This site is optimized with the Yoast SEO plugin v27.5 - https:\/\/yoast.com\/product\/yoast-seo-wordpress\/ -->\n<title>\u1455\u2776\u1450 Recambios para veh\u00edculos asi\u00e1ticos en Madrid | PEMEBLA<\/title>\n<meta name=\"description\" content=\"\u00bfBuscas recambios para veh\u00edculos asi\u00e1ticos y europeos en Madrid? En Pemebla contamos con un amplio cat\u00e1logo para cualquier modelo de coche.\" \/>\n<meta name=\"robots\" content=\"index, follow, max-snippet:-1, max-image-preview:large, max-video-preview:-1\" \/>\n<link rel=\"canonical\" href=\"https:\/\/pemebla.com\/?page_id=1271\" \/>\n<meta property=\"og:locale\" content=\"es_ES\" \/>\n<meta property=\"og:type\" content=\"article\" \/>\n<meta property=\"og:title\" content=\"\u1455\u2776\u1450 Recambios para veh\u00edculos asi\u00e1ticos en Madrid | PEMEBLA\" \/>\n<meta property=\"og:description\" content=\"\u00bfBuscas recambios para veh\u00edculos asi\u00e1ticos y europeos en Madrid? En Pemebla contamos con un amplio cat\u00e1logo para cualquier modelo de coche.\" \/>\n<meta property=\"og:url\" content=\"https:\/\/pemebla.com\/?page_id=1271\" \/>\n<meta property=\"og:site_name\" content=\"Pemebla\" \/>\n<meta property=\"article:modified_time\" content=\"2023-06-21T09:05:04+00:00\" \/>\n<meta property=\"og:image\" content=\"https:\/\/pemebla.com\/wp-content\/uploads\/2023\/05\/Recambios-vehiculos-asiaticos-Madrid.jpg\" \/>\n\t<meta property=\"og:image:width\" content=\"505\" \/>\n\t<meta property=\"og:image:height\" content=\"346\" \/>\n\t<meta property=\"og:image:type\" content=\"image\/jpeg\" \/>\n<meta name=\"twitter:card\" content=\"summary_large_image\" \/>\n<script type=\"application\/ld+json\" class=\"yoast-schema-graph\">{\"@context\":\"https:\\\/\\\/schema.org\",\"@graph\":[{\"@type\":\"WebPage\",\"@id\":\"https:\\\/\\\/pemebla.com\\\/?page_id=1271\",\"url\":\"https:\\\/\\\/pemebla.com\\\/?page_id=1271\",\"name\":\"\u1455\u2776\u1450 Recambios para veh\u00edculos asi\u00e1ticos en Madrid | PEMEBLA\",\"isPartOf\":{\"@id\":\"https:\\\/\\\/pemebla.com\\\/#website\"},\"primaryImageOfPage\":{\"@id\":\"https:\\\/\\\/pemebla.com\\\/?page_id=1271#primaryimage\"},\"image\":{\"@id\":\"https:\\\/\\\/pemebla.com\\\/?page_id=1271#primaryimage\"},\"thumbnailUrl\":\"https:\\\/\\\/pemebla.com\\\/wp-content\\\/uploads\\\/2023\\\/05\\\/Recambios-vehiculos-asiaticos-Madrid.jpg\",\"datePublished\":\"2023-05-08T13:02:53+00:00\",\"dateModified\":\"2023-06-21T09:05:04+00:00\",\"description\":\"\u00bfBuscas recambios para veh\u00edculos asi\u00e1ticos y europeos en Madrid? En Pemebla contamos con un amplio cat\u00e1logo para cualquier modelo de coche.\",\"inLanguage\":\"es\",\"potentialAction\":[{\"@type\":\"ReadAction\",\"target\":[\"https:\\\/\\\/pemebla.com\\\/?page_id=1271\"]}]},{\"@type\":\"ImageObject\",\"inLanguage\":\"es\",\"@id\":\"https:\\\/\\\/pemebla.com\\\/?page_id=1271#primaryimage\",\"url\":\"https:\\\/\\\/pemebla.com\\\/wp-content\\\/uploads\\\/2023\\\/05\\\/Recambios-vehiculos-asiaticos-Madrid.jpg\",\"contentUrl\":\"https:\\\/\\\/pemebla.com\\\/wp-content\\\/uploads\\\/2023\\\/05\\\/Recambios-vehiculos-asiaticos-Madrid.jpg\",\"width\":505,\"height\":346,\"caption\":\"Imagen del almac\u00e9n de recambios asi\u00e1ticos de Pemebla en Madrid\"},{\"@type\":\"WebSite\",\"@id\":\"https:\\\/\\\/pemebla.com\\\/#website\",\"url\":\"https:\\\/\\\/pemebla.com\\\/\",\"name\":\"Pemebla\",\"description\":\"\",\"potentialAction\":[{\"@type\":\"SearchAction\",\"target\":{\"@type\":\"EntryPoint\",\"urlTemplate\":\"https:\\\/\\\/pemebla.com\\\/?s={search_term_string}\"},\"query-input\":{\"@type\":\"PropertyValueSpecification\",\"valueRequired\":true,\"valueName\":\"search_term_string\"}}],\"inLanguage\":\"es\"}]}<\/script>\n<!-- \/ Yoast SEO plugin. -->","yoast_head_json":{"title":"\u1455\u2776\u1450 Recambios para veh\u00edculos asi\u00e1ticos en Madrid | PEMEBLA","description":"\u00bfBuscas recambios para veh\u00edculos asi\u00e1ticos y europeos en Madrid? En Pemebla contamos con un amplio cat\u00e1logo para cualquier modelo de coche.","robots":{"index":"index","follow":"follow","max-snippet":"max-snippet:-1","max-image-preview":"max-image-preview:large","max-video-preview":"max-video-preview:-1"},"canonical":"https:\/\/pemebla.com\/?page_id=1271","og_locale":"es_ES","og_type":"article","og_title":"\u1455\u2776\u1450 Recambios para veh\u00edculos asi\u00e1ticos en Madrid | PEMEBLA","og_description":"\u00bfBuscas recambios para veh\u00edculos asi\u00e1ticos y europeos en Madrid? En Pemebla contamos con un amplio cat\u00e1logo para cualquier modelo de coche.","og_url":"https:\/\/pemebla.com\/?page_id=1271","og_site_name":"Pemebla","article_modified_time":"2023-06-21T09:05:04+00:00","og_image":[{"width":505,"height":346,"url":"https:\/\/pemebla.com\/wp-content\/uploads\/2023\/05\/Recambios-vehiculos-asiaticos-Madrid.jpg","type":"image\/jpeg"}],"twitter_card":"summary_large_image","schema":{"@context":"https:\/\/schema.org","@graph":[{"@type":"WebPage","@id":"https:\/\/pemebla.com\/?page_id=1271","url":"https:\/\/pemebla.com\/?page_id=1271","name":"\u1455\u2776\u1450 Recambios para veh\u00edculos asi\u00e1ticos en Madrid | PEMEBLA","isPartOf":{"@id":"https:\/\/pemebla.com\/#website"},"primaryImageOfPage":{"@id":"https:\/\/pemebla.com\/?page_id=1271#primaryimage"},"image":{"@id":"https:\/\/pemebla.com\/?page_id=1271#primaryimage"},"thumbnailUrl":"https:\/\/pemebla.com\/wp-content\/uploads\/2023\/05\/Recambios-vehiculos-asiaticos-Madrid.jpg","datePublished":"2023-05-08T13:02:53+00:00","dateModified":"2023-06-21T09:05:04+00:00","description":"\u00bfBuscas recambios para veh\u00edculos asi\u00e1ticos y europeos en Madrid? En Pemebla contamos con un amplio cat\u00e1logo para cualquier modelo de coche.","inLanguage":"es","potentialAction":[{"@type":"ReadAction","target":["https:\/\/pemebla.com\/?page_id=1271"]}]},{"@type":"ImageObject","inLanguage":"es","@id":"https:\/\/pemebla.com\/?page_id=1271#primaryimage","url":"https:\/\/pemebla.com\/wp-content\/uploads\/2023\/05\/Recambios-vehiculos-asiaticos-Madrid.jpg","contentUrl":"https:\/\/pemebla.com\/wp-content\/uploads\/2023\/05\/Recambios-vehiculos-asiaticos-Madrid.jpg","width":505,"height":346,"caption":"Imagen del almac\u00e9n de recambios asi\u00e1ticos de Pemebla en Madrid"},{"@type":"WebSite","@id":"https:\/\/pemebla.com\/#website","url":"https:\/\/pemebla.com\/","name":"Pemebla","description":"","potentialAction":[{"@type":"SearchAction","target":{"@type":"EntryPoint","urlTemplate":"https:\/\/pemebla.com\/?s={search_term_string}"},"query-input":{"@type":"PropertyValueSpecification","valueRequired":true,"valueName":"search_term_string"}}],"inLanguage":"es"}]}},"_links":{"self":[{"href":"https:\/\/pemebla.com\/index.php?rest_route=\/wp\/v2\/pages\/1271","targetHints":{"allow":["GET"]}}],"collection":[{"href":"https:\/\/pemebla.com\/index.php?rest_route=\/wp\/v2\/pages"}],"about":[{"href":"https:\/\/pemebla.com\/index.php?rest_route=\/wp\/v2\/types\/page"}],"author":[{"embeddable":true,"href":"https:\/\/pemebla.com\/index.php?rest_route=\/wp\/v2\/users\/1"}],"replies":[{"embeddable":true,"href":"https:\/\/pemebla.com\/index.php?rest_route=%2Fwp%2Fv2%2Fcomments&post=1271"}],"version-history":[{"count":20,"href":"https:\/\/pemebla.com\/index.php?rest_route=\/wp\/v2\/pages\/1271\/revisions"}],"predecessor-version":[{"id":1697,"href":"https:\/\/pemebla.com\/index.php?rest_route=\/wp\/v2\/pages\/1271\/revisions\/1697"}],"wp:featuredmedia":[{"embeddable":true,"href":"https:\/\/pemebla.com\/index.php?rest_route=\/wp\/v2\/media\/1470"}],"wp:attachment":[{"href":"https:\/\/pemebla.com\/index.php?rest_route=%2Fwp%2Fv2%2Fmedia&parent=1271"}],"curies":[{"name":"wp","href":"https:\/\/api.w.org\/{rel}","templated":true}]}}