{"id":172,"date":"2023-03-10T10:36:09","date_gmt":"2023-03-10T10:36:09","guid":{"rendered":"https:\/\/pemebla.com\/?page_id=172"},"modified":"2025-02-25T11:03:32","modified_gmt":"2025-02-25T11:03:32","slug":"la-empresa","status":"publish","type":"page","link":"https:\/\/pemebla.com\/?page_id=172","title":{"rendered":"La Empresa"},"content":{"rendered":"","protected":false},"excerpt":{"rendered":"","protected":false},"author":2,"featured_media":0,"parent":0,"menu_order":0,"comment_status":"closed","ping_status":"closed","template":"page-nosotros.php","meta":{"_acf_changed":false,"inline_featured_image":false,"footnotes":""},"class_list":["post-172","page","type-page","status-publish","hentry"],"acf":[],"yoast_head":"<!-- This site is optimized with the Yoast SEO plugin v27.5 - https:\/\/yoast.com\/product\/yoast-seo-wordpress\/ -->\n<title>\u1455\u2776\u1450 Empresa de recambios asi\u00e1ticos para coches | Pemebla<\/title>\n<meta name=\"description\" content=\"Somos tu empresa de recambios asi\u00e1ticos para veh\u00edculos. Descubre ahora todos nuestros repuestos originales y equivalentes. \u00a1Entra ahora!\" \/>\n<meta name=\"robots\" content=\"index, follow, max-snippet:-1, max-image-preview:large, max-video-preview:-1\" \/>\n<link rel=\"canonical\" href=\"https:\/\/pemebla.com\/?page_id=172\" \/>\n<meta property=\"og:locale\" content=\"es_ES\" \/>\n<meta property=\"og:type\" content=\"article\" \/>\n<meta property=\"og:title\" content=\"\u1455\u2776\u1450 Empresa de recambios asi\u00e1ticos para coches | Pemebla\" \/>\n<meta property=\"og:description\" content=\"Somos tu empresa de recambios asi\u00e1ticos para veh\u00edculos. Descubre ahora todos nuestros repuestos originales y equivalentes. \u00a1Entra ahora!\" \/>\n<meta property=\"og:url\" content=\"https:\/\/pemebla.com\/?page_id=172\" \/>\n<meta property=\"og:site_name\" content=\"Pemebla\" \/>\n<meta property=\"article:modified_time\" content=\"2025-02-25T11:03:32+00:00\" \/>\n<meta name=\"twitter:card\" content=\"summary_large_image\" \/>\n<script type=\"application\/ld+json\" class=\"yoast-schema-graph\">{\"@context\":\"https:\\\/\\\/schema.org\",\"@graph\":[{\"@type\":\"WebPage\",\"@id\":\"https:\\\/\\\/pemebla.com\\\/?page_id=172\",\"url\":\"https:\\\/\\\/pemebla.com\\\/?page_id=172\",\"name\":\"\u1455\u2776\u1450 Empresa de recambios asi\u00e1ticos para coches | Pemebla\",\"isPartOf\":{\"@id\":\"https:\\\/\\\/pemebla.com\\\/#website\"},\"datePublished\":\"2023-03-10T10:36:09+00:00\",\"dateModified\":\"2025-02-25T11:03:32+00:00\",\"description\":\"Somos tu empresa de recambios asi\u00e1ticos para veh\u00edculos. Descubre ahora todos nuestros repuestos originales y equivalentes. \u00a1Entra ahora!\",\"inLanguage\":\"es\",\"potentialAction\":[{\"@type\":\"ReadAction\",\"target\":[\"https:\\\/\\\/pemebla.com\\\/?page_id=172\"]}]},{\"@type\":\"WebSite\",\"@id\":\"https:\\\/\\\/pemebla.com\\\/#website\",\"url\":\"https:\\\/\\\/pemebla.com\\\/\",\"name\":\"Pemebla\",\"description\":\"\",\"potentialAction\":[{\"@type\":\"SearchAction\",\"target\":{\"@type\":\"EntryPoint\",\"urlTemplate\":\"https:\\\/\\\/pemebla.com\\\/?s={search_term_string}\"},\"query-input\":{\"@type\":\"PropertyValueSpecification\",\"valueRequired\":true,\"valueName\":\"search_term_string\"}}],\"inLanguage\":\"es\"}]}<\/script>\n<!-- \/ Yoast SEO plugin. -->","yoast_head_json":{"title":"\u1455\u2776\u1450 Empresa de recambios asi\u00e1ticos para coches | Pemebla","description":"Somos tu empresa de recambios asi\u00e1ticos para veh\u00edculos. Descubre ahora todos nuestros repuestos originales y equivalentes. \u00a1Entra ahora!","robots":{"index":"index","follow":"follow","max-snippet":"max-snippet:-1","max-image-preview":"max-image-preview:large","max-video-preview":"max-video-preview:-1"},"canonical":"https:\/\/pemebla.com\/?page_id=172","og_locale":"es_ES","og_type":"article","og_title":"\u1455\u2776\u1450 Empresa de recambios asi\u00e1ticos para coches | Pemebla","og_description":"Somos tu empresa de recambios asi\u00e1ticos para veh\u00edculos. Descubre ahora todos nuestros repuestos originales y equivalentes. \u00a1Entra ahora!","og_url":"https:\/\/pemebla.com\/?page_id=172","og_site_name":"Pemebla","article_modified_time":"2025-02-25T11:03:32+00:00","twitter_card":"summary_large_image","schema":{"@context":"https:\/\/schema.org","@graph":[{"@type":"WebPage","@id":"https:\/\/pemebla.com\/?page_id=172","url":"https:\/\/pemebla.com\/?page_id=172","name":"\u1455\u2776\u1450 Empresa de recambios asi\u00e1ticos para coches | Pemebla","isPartOf":{"@id":"https:\/\/pemebla.com\/#website"},"datePublished":"2023-03-10T10:36:09+00:00","dateModified":"2025-02-25T11:03:32+00:00","description":"Somos tu empresa de recambios asi\u00e1ticos para veh\u00edculos. Descubre ahora todos nuestros repuestos originales y equivalentes. \u00a1Entra ahora!","inLanguage":"es","potentialAction":[{"@type":"ReadAction","target":["https:\/\/pemebla.com\/?page_id=172"]}]},{"@type":"WebSite","@id":"https:\/\/pemebla.com\/#website","url":"https:\/\/pemebla.com\/","name":"Pemebla","description":"","potentialAction":[{"@type":"SearchAction","target":{"@type":"EntryPoint","urlTemplate":"https:\/\/pemebla.com\/?s={search_term_string}"},"query-input":{"@type":"PropertyValueSpecification","valueRequired":true,"valueName":"search_term_string"}}],"inLanguage":"es"}]}},"_links":{"self":[{"href":"https:\/\/pemebla.com\/index.php?rest_route=\/wp\/v2\/pages\/172","targetHints":{"allow":["GET"]}}],"collection":[{"href":"https:\/\/pemebla.com\/index.php?rest_route=\/wp\/v2\/pages"}],"about":[{"href":"https:\/\/pemebla.com\/index.php?rest_route=\/wp\/v2\/types\/page"}],"author":[{"embeddable":true,"href":"https:\/\/pemebla.com\/index.php?rest_route=\/wp\/v2\/users\/2"}],"replies":[{"embeddable":true,"href":"https:\/\/pemebla.com\/index.php?rest_route=%2Fwp%2Fv2%2Fcomments&post=172"}],"version-history":[{"count":20,"href":"https:\/\/pemebla.com\/index.php?rest_route=\/wp\/v2\/pages\/172\/revisions"}],"predecessor-version":[{"id":2518,"href":"https:\/\/pemebla.com\/index.php?rest_route=\/wp\/v2\/pages\/172\/revisions\/2518"}],"wp:attachment":[{"href":"https:\/\/pemebla.com\/index.php?rest_route=%2Fwp%2Fv2%2Fmedia&parent=172"}],"curies":[{"name":"wp","href":"https:\/\/api.w.org\/{rel}","templated":true}]}}